{"id":3569,"date":"2025-04-01T08:47:34","date_gmt":"2025-04-01T06:47:34","guid":{"rendered":"https:\/\/beximpaletten.cz\/produkt\/rolkontejner-na-pradlo-v-315k\/"},"modified":"2025-05-12T14:30:59","modified_gmt":"2025-05-12T12:30:59","slug":"rollbarer-waeschebehaelter-v-315k","status":"publish","type":"product","link":"https:\/\/beximpaletten.cz\/de\/produkt\/rollbarer-waeschebehaelter-v-315k\/","title":{"rendered":"Rollbarer W\u00e4schebeh\u00e4lter V-315(K)"},"content":{"rendered":"\t\t<div data-elementor-type=\"product-post\" data-elementor-id=\"3569\" class=\"elementor elementor-3569 elementor-3017\" data-elementor-post-type=\"product\">\n\t\t\t\t\t\t<section class=\"elementor-section elementor-top-section elementor-element elementor-element-f375cb5 elementor-section-boxed elementor-section-height-default elementor-section-height-default\" data-id=\"f375cb5\" data-element_type=\"section\" data-e-type=\"section\">\n\t\t\t\t\t\t<div class=\"elementor-container elementor-column-gap-default\">\n\t\t\t\t\t<div class=\"elementor-column elementor-col-100 elementor-top-column elementor-element elementor-element-a78ce2d\" data-id=\"a78ce2d\" data-element_type=\"column\" data-e-type=\"column\">\n\t\t\t<div class=\"elementor-widget-wrap elementor-element-populated\">\n\t\t\t\t\t\t<div class=\"elementor-element elementor-element-810ee50 elementor-widget elementor-widget-text-editor\" data-id=\"810ee50\" data-element_type=\"widget\" data-e-type=\"widget\" data-widget_type=\"text-editor.default\">\n\t\t\t\t<div class=\"elementor-widget-container\">\n\t\t\t\t\t\t\t\t\t<table>\n<tbody>\n<tr>\n<td><strong>Typ<\/strong><\/td>\n<td>\n<p><strong data-start=\"10\" data-end=\"32\">\u00c4u\u00dfere Abmessungen<\/strong><br data-start=\"32\" data-end=\"35\">B x H x T<\/p>\n<\/td>\n<\/tr>\n<tr>\n<td>V-315(K)<\/td>\n<td>&nbsp;835 x 585 x 1820 mm<\/td>\n<\/tr>\n<\/tbody>\n<\/table>\n<p>*H\u00f6he einschlie\u00dflich R\u00e4der \u00f8 125 mm.<\/p>\t\t\t\t\t\t\t\t<\/div>\n\t\t\t\t<\/div>\n\t\t\t\t\t<\/div>\n\t\t<\/div>\n\t\t\t\t\t<\/div>\n\t\t<\/section>\n\t\t\t\t<\/div>\n\t\t","protected":false},"excerpt":{"rendered":"<p>Typ \u00c4u\u00dfere AbmessungenB x H x T V-315(K) \u00a0835 x 585 x 1820 mm *H\u00f6he einschlie\u00dflich R\u00e4der \u00f8 125 mm.<\/p>\n","protected":false},"featured_media":1565,"template":"","meta":{"_acf_changed":false},"product_brand":[],"product_cat":[89],"product_tag":[],"class_list":{"0":"post-3569","1":"product","2":"type-product","3":"status-publish","4":"has-post-thumbnail","6":"product_cat-waeschereilogistik","8":"first","9":"instock","10":"taxable","11":"shipping-taxable","12":"product-type-simple"},"acf":[],"_links":{"self":[{"href":"https:\/\/beximpaletten.cz\/de\/wp-json\/wp\/v2\/product\/3569","targetHints":{"allow":["GET"]}}],"collection":[{"href":"https:\/\/beximpaletten.cz\/de\/wp-json\/wp\/v2\/product"}],"about":[{"href":"https:\/\/beximpaletten.cz\/de\/wp-json\/wp\/v2\/types\/product"}],"version-history":[{"count":5,"href":"https:\/\/beximpaletten.cz\/de\/wp-json\/wp\/v2\/product\/3569\/revisions"}],"predecessor-version":[{"id":4624,"href":"https:\/\/beximpaletten.cz\/de\/wp-json\/wp\/v2\/product\/3569\/revisions\/4624"}],"wp:featuredmedia":[{"embeddable":true,"href":"https:\/\/beximpaletten.cz\/de\/wp-json\/wp\/v2\/media\/1565"}],"wp:attachment":[{"href":"https:\/\/beximpaletten.cz\/de\/wp-json\/wp\/v2\/media?parent=3569"}],"wp:term":[{"taxonomy":"product_brand","embeddable":true,"href":"https:\/\/beximpaletten.cz\/de\/wp-json\/wp\/v2\/product_brand?post=3569"},{"taxonomy":"product_cat","embeddable":true,"href":"https:\/\/beximpaletten.cz\/de\/wp-json\/wp\/v2\/product_cat?post=3569"},{"taxonomy":"product_tag","embeddable":true,"href":"https:\/\/beximpaletten.cz\/de\/wp-json\/wp\/v2\/product_tag?post=3569"}],"curies":[{"name":"wp","href":"https:\/\/api.w.org\/{rel}","templated":true}]}}

Rollbarer Wäschebehälter V-315(K)

<div data-elementor-type="product-post" data-elementor-id="3569" class="elementor elementor-3569 elementor-3017" data-elementor-post-type="product">
						<section class="elementor-section elementor-top-section elementor-element elementor-element-f375cb5 elementor-section-boxed elementor-section-height-default elementor-section-height-default" data-id="f375cb5" data-element_type="section" data-e-type="section">
						<div class="elementor-container elementor-column-gap-default">
					<div class="elementor-column elementor-col-100 elementor-top-column elementor-element elementor-element-a78ce2d" data-id="a78ce2d" data-element_type="column" data-e-type="column">
			<div class="elementor-widget-wrap elementor-element-populated">
						<div class="elementor-element elementor-element-810ee50 elementor-widget elementor-widget-text-editor" data-id="810ee50" data-element_type="widget" data-e-type="widget" data-widget_type="text-editor.default">
				<div class="elementor-widget-container">
									<table>
<tbody>
<tr>
<td><strong>Typ</strong></td>
<td>
<p><strong data-start="10" data-end="32">Äußere Abmessungen</strong><br data-start="32" data-end="35">B x H x T</p>
</td>
</tr>
<tr>
<td>V-315(K)</td>
<td>&nbsp;835 x 585 x 1820 mm</td>
</tr>
</tbody>
</table>
<p>*Höhe einschließlich Räder ø 125 mm.</p>								</div>
				</div>
					</div>
		</div>
					</div>
		</section>
				</div>

<p>Typ Äußere AbmessungenB x H x T V-315(K)  835 x 585 x 1820 mm *Höhe einschließlich Räder ø 125 mm.</p>
